he remainder when 22 is divided by v.
6
Suppose -3*s - 9 = -6*s. Let j = -13 - -28. Suppose -s*f - 2*x + j = 0, 4*f - 2*x = -0*f + 34. Calculate the remainder when 20 is divided by f.
6
Let a = 11 + -8. Let f(y) = -y**3 + 4*y**2. Let t be f(a). Suppose 3*v = 9 + t. Calculate the remainder when v is divided by 4.
2
Suppose 3*m = -2*m + 135. Suppose 2*o - 2*i = 20, 2*i = 3*o + 3*i - 18. Calculate the remainder when m is divided by o.
6
Suppose 0 = 4*g - 427 - 329. Suppose 0 = 5*n - 484 + g. Let r = n + -23. Calculate the remainder when r is divided by 13.
10
Suppose -9 = 3*u - 4*u. Let k(x) = -2*x + 5. Let y be k(-7). Let j = y - 2. What is the remainder when j is divided by u?
8
Let g = 6 + -3. Let a(y) = -y**3 - 3*y**2 - y. Calculate the remainder when a(-3) is divided by g.
0
Let d be (-2)/(-3) - (-10)/3. Suppose -d*f = -3*f - 6. Calculate the remainder when (3/f)/(1/68) is divided by 18.
16
Suppose 5*u = 10 + 60. What is the remainder when 26 is divided by u?
12
Calculate the remainder when ((-2)/4)/((-12)/576) is divided by 7.
3
Suppose -2*p = -0*p + z - 3, 0 = -5*p + 5*z + 30. What is the remainder when 43 is divided by p - 3/(-3)*8?
10
Let u be 1/4 + (-1)/4. Suppose 5*t + 4*k - 30 = u, -55 = -4*t + 2*k + k. Let y = 21 - t. Calculate the remainder when 20 is divided by y.
9
Suppose 256 = 4*w - p, 5*p - 337 = -5*w + 2*p. What is the remainder when w is divided by 33?
32
Let f(h) = -h**2 - h + 22. What is the remainder when f(0) is divided by 6?
4
Calculate the remainder when 51 is divided by (-135)/(-5) + -1 - (-2)/2.
24
Suppose -79 = 4*z - 27. Let g = -14 - -61. Let w = g + z. What is the remainder when w is divided by 12?
10
Suppose -4 = z + 1. Let c = z + 4. Let a(f) = 14*f**2 + 2*f + 1. Calculate the remainder when 24 is divided by a(c).
11
Let u be 26/4 + (-3)/(-6). Suppose 2*i = 6*i - 20. Suppose 0 = -i*d + u + 8, -d = -4*f + 85. Calculate the remainder when f is divided by 6.
4
Let r(f) = -2*f**3 + 10*f**2 + 8*f - 2. Let p(b) = b**3 + b + 1. Let z(c) = -3*p(c) - r(c). Calculate the remainder when 48 is divided by z(-9).
14
Suppose -53 = -a - 5*m, 3*a + 0*a - m - 95 = 0. What is the remainder when a is divided by 19?
14
Suppose -4*w - 6*b = -b + 74, 3*b = 3*w + 42. Let y = 32 + w. What is the remainder when 63 is divided by y?
15
Let h be 77/3 - (-10)/(-15). Calculate the remainder when h/3 - 4/(-6) is divided by 4.
1
Let t be ((-788)/(-4))/(1/1). Let q = t - 109. Calculate the remainder when q is divided by 30.
28
Let y = -47 + 57. Calculate the remainder when 36 is divided by y.
6
What is the remainder when 59 is divided by (-5)/(15/12) + 16?
11
Let r = 1 - 0. Let w = 96 + -56. What is the remainder when w is divided by 17 - (-3 + 5) - r?
12
Let q(b) = -b**2 + 17*b - 32. Calculate the remainder when 28 is divided by q(14).
8
Let i(w) be the third derivative of -3*w**6/40 + w**5/60 - w**4/24 - w**3/6 + 3*w**2. What is the remainder when 17 is divided by i(-1)?
7
Let b be 102/30 + 2/(-5). Suppose -20 = b*j - 8*j. Suppose 43 = y - 4*s, 3*s + 93 = -y + j*y. What is the remainder when y is divided by 15?
12
Let b(i) = i**3 + 9*i**2 + 10*i - 4. Calculate the remainder when b(-6) is divided by 24.
20
Let o = 5 + -6. Calculate the remainder when 14 is divided by (o/(-3))/(10/180).
2
Let i(c) = 3*c + 22. What is the remainder when i(-2) is divided by 10?
6
What is the remainder when (-87)/9 + 9 - 190/(-6) is divided by 22?
9
Let t = -99 - -142. Calculate the remainder when 123 is divided by t.
37
Let x(w) = -3*w - 14. Let f = 5 + 5. Calculate the remainder when x(-17) is divided by f.
7
Let k(c) = c**2 - 25*c + 74. Calculate the remainder when k(24) is divided by 13.
11
Suppose 3*n = 4*a + 89 - 5, -5*n + 108 = 4*a. Suppose 2*q = 4*v - 1 + 3, -n = -3*q - v. What is the remainder when q is divided by 3?
1
Let s(q) = -q**2 - 9*q + 1. Let o = 16 - 25. Let u be s(o). What is the remainder when u - (-1)/((-1)/(-21)) is divided by 8?
6
Suppose -2*t = 2*s + s + 54, 2*s = -5*t - 124. Let d be (15/(-2))/((-4)/t). Let j = 92 + d. Calculate the remainder when j is divided by 16.
15
Let u(o) = -o**3 + 8*o**2 + o + 5. Calculate the remainder when u(4) is divided by 25.
23
Let r(q) = -q**2 + 18*q - 33. Suppose -3*v = -0*v - 66. What is the remainder when v is divided by r(15)?
10
Let y(k) = k**3 + 10*k**2 + 9*k + 9. Let d be y(-8). Let t = -45 + d. Calculate the remainder when 77 is divided by t.
17
Suppose -x + 6 = -5. Calculate the remainder when 31 is divided by x.
9
Let v be 111/(-3) + 4/2. Let h = v - -15. Let y = h - -43. Calculate the remainder when y is divided by 12.
11
Suppose 4*c - 9 - 27 = 0. What is the remainder when 17 is divided by c?
8
What is the remainder when (((-44)/(-8))/(-11))/((-2)/232) is divided by 10?
8
Suppose 5*f = f + 16. Suppose 97 = 3*i - 5*z, 0*z = 4*i + 2*z - 86. Suppose -f*d + d = -i. Calculate the remainder when 22 is divided by d.
6
Let d be ((-1)/(-2))/((-1)/6). Calculate the remainder when 31 is divided by (-26)/d + (-16)/24.
7
Let m = 49 + -10. Suppose 0 + 20 = 2*s. What is the remainder when m is divided by s?
9
Let h = 73 + -2. Suppose 2*u = 4*c + 50, 0 = -0*u - 3*u + 5*c + h. What is the remainder when 5*((-43)/(-5) - 2) is divided by u?
16
Let c(i) = -i**3 + 3*i**2 - 3. Let b be c(3). Let g be 14/(-21) + (-68)/b. Suppose g - 8 = 2*j. Calculate the remainder when 20 is divided by j.
6
Suppose -8*d + 12*d = 124. Let r = 69 + 22. Calculate the remainder when r is divided by d.
29
Let d = -72 + 79. Suppose 3 = 4*r - 5. Calculate the remainder when d is divided by r.
1
Suppose 0*r - 174 = -3*r. Suppose 3*u + 22 - 7 = n, -2*u = -5*n + 62. Calculate the remainder when r is divided by n.
10
What is the remainder when 14 is divided by (-246)/(-30) + 8/10?
5
Suppose -218 = -3*b - 4*n - 55, -3*b + 2*n + 175 = 0. What is the remainder when b is divided by 20?
17
Let d = 9 + 16. Calculate the remainder when d is divided by 10.
5
Suppose 5*o = 5*y + 85, 3*y + 0*o = 5*o - 41. Let q = 9 - y. What is the remainder when 61 is divided by q?
30
Let x(s) = 3*s + 1. Let q be x(1). Let m = 103 + -70. Calculate the remainder when m is divided by 136/12*6/q.
16
Let w = 27 + -18. Suppose 12 = 3*p - o - 11, w = p + o. Let l(i) = 13*i**2 + i. What is the remainder when l(1) is divided by p?
6
Suppose 18 = -4*y + 2*y. Calculate the remainder when 2 - 0*(-3)/y is divided by (-10)/(-6) - 1/(-3).
0
Suppose 166 = 5*h + 2*i, 0 = 2*h - 5*h + 2*i + 106. Let p be ((-18)/2)/(9/(-6)). Suppose 4*m + p = h. Calculate the remainder when m is divided by 3.
1
Suppose 3*h + 6 = h, h = -2*g + 153. What is the remainder when g is divided by 20?
18
Let m = -5 + 7. Suppose 0 = -3*y - 10 - 8. What is the remainder when -31*m*3/y is divided by 11?
9
Suppose -20 = 4*p, 3*d + 3*p = 8*p + 19. Let n = d + 28. Calculate the remainder when 76 is divided by n.
24
Suppose 4*m = 30 + 6. Calculate the remainder when 14 is divided by m.
5
Suppose 0 = -p - 2*p + 138. Calculate the remainder when p is divided by 12.
10
Suppose -3*y + 5*y = -56. Let u = y + 47. Calculate the remainder when u is divided by 7.
5
Let b(m) = -m**3 + 6*m**2 + 9*m - 4. Calculate the remainder when b(6) is divided by 13.
11
Suppose b + 81 = 3*y - 0*b, -4*y - b + 115 = 0. Suppose -3*w = -2*n + y, 2 = n + 5*w + 1. What is the remainder when 30 is divided by n?
8
Let l(k) be the third derivative of 11*k**6/720 + k**4/12 + 4*k**2. Let b(h) be the second derivative of l(h). What is the remainder when 19 is divided by b(1)?
8
Let u = -22 + 24. Suppose -b + u*z = b - 168, -4*z = -16. What is the remainder when b is divided by 23?
19
Let a = 40 - 36. Calculate the remainder when 19 is divided by a.
3
Suppose 3 = 3*b - 2*b. Suppose -2*m = b*z - z - 52, -5*m = z - 30. Calculate the remainder when z is divided by 9.
7
Let n = -27 - -56. Let f be 4*1/(-6)*-3. Let m(h) = 2*h**3 - h**2 - h. What is the remainder when n is divided by m(f)?
9
Suppose -5*t = 4*h - 50 + 477, -103 = h + 2*t. Let k = -45 - h. What is the remainder when k is divided by 18?
14
Suppose 97 = 3*k + 13. What is the remainder when k is divided by 5?
3
Let a(b) = -b + 40. Let d be a(0). Suppose 4*c - 3*c - 5*q - d = 0, c = -5*q - 10. What is the remainder when 28 is divided by c?
13
Suppose -2*a + z = -3*z - 22, 3*a - 48 = z. Calculate the